 194.
182
Calculate the remainder when 10424 is divided by 282.
272
What is the remainder when 2423 is divided by 43?
15
Calculate the remainder when 7046843 is divided by 6.
5
What is the remainder when 16523 is divided by 384?
11
Calculate the remainder when 2378 is divided by 83.
54
What is the remainder when 34661 is divided by 162?
155
Calculate the remainder when 6534 is divided by 496.
86
Calculate the remainder when 6349 is divided by 215.
114
What is the remainder when 4112 is divided by 58?
52
What is the remainder when 23031 is divided by 1094?
57
Calculate the remainder when 113394 is divided by 89.
8
What is the remainder when 655 is divided by 21?
4
What is the remainder when 8779648 is divided by 1650?
1648
Calculate the remainder when 14903 is divided by 72.
71
Calculate the remainder when 131913 is divided by 9419.
47
Calculate the remainder when 69059 is divided by 7667.
56
What is the remainder when 5588 is divided by 404?
336
What is the remainder when 12666 is divided by 342?
12
What is the remainder when 15409 is divided by 1433?
1079
Calculate the remainder when 1738 is divided by 40.
18
Calculate the remainder when 76370 is divided by 53.
50
Calculate the remainder when 36140 is divided by 99.
5
What is the remainder when 54167 is divided by 80?
7
What is the remainder when 9236 is divided by 77?
73
Calculate the remainder when 37504 is divided by 18746.
12
What is the remainder when 34501 is divided by 823?
758
What is the remainder when 19482 is divided by 1625?
1607
What is the remainder when 2916 is divided by 53?
1
What is the remainder when 332 is divided by 163?
6
What is the remainder when 16879 is divided by 16872?
7
What is the remainder when 40687 is divided by 407?
394
What is the remainder when 12694 is divided by 4183?
145
What is the remainder when 4072 is divided by 194?
192
What is the remainder when 59385 is divided by 202?
199
What is the remainder when 45609 is divided by 624?
57
What is the remainder when 24181 is divided by 7973?
262
What is the remainder when 21312 is divided by 10575?
162
Calculate the remainder when 24978 is divided by 46.
0
What is the remainder when 194326 is divided by 149?
30
What is the remainder when 15383 is divided by 7688?
7
Calculate the remainder when 21815 is divided by 31.
22
Calculate the remainder when 192836 is divided by 15.
11
What is the remainder when 68736 is divided by 22904?
24
Calculate the remainder when 68367 is divided by 34182.
3
Calculate the remainder when 29499 is divided by 4905.
69
Calculate the remainder when 1041 is divided by 174.
171
Calculate the remainder when 17895 is divided by 51.
45
Calculate the remainder when 568976 is divided by 70.
16
What is the remainder when 5619 is divided by 161?
145
Calculate the remainder when 17451 is divided by 364.
343
Calculate the remainder when 18093 is divided by 83.
82
What is the remainder when 12246 is divided by 553?
80
Calculate the remainder when 507783 is divided by 266.
255
Calculate the remainder when 543919 is divided by 348.
343
Calculate the remainder when 30353 is divided by 30320.
33
What is the remainder when 146 is divided by 3?
2
Calculate the remainder when 8849 is divided by 2926.
71
What is the remainder when 124246 is divided by 248?
246
What is the remainder when 154835 is divided by 93?
83
What is the remainder when 30941 is divided by 526?
433
What is the remainder when 1481 is divided by 144?
41
Calculate the remainder when 13996 is divided by 1.
0
Calculate the remainder when 7773 is divided by 9.
6
Calculate the remainder when 1447 is divided by 698.
51
What is the remainder when 4683 is divided by 1450?
333
What is the remainder when 89589 is divided by 269?
12
What is the remainder when 3213 is divided by 28?
21
What is the remainder when 6827 is divided by 56?
51
Calculate the remainder when 778 is divided by 489.
289
What is the remainder when 19346 is divided by 926?
826
Calculate the remainder when 23320 is divided by 169.
167
Calculate the remainder when 2553 is divided by 91.
5
What is the remainder when 12102 is divided by 79?
15
What is the remainder when 6058 is divided by 2449?
1160
What is the remainder when 22041 is divided by 469?
467
What is the remainder when 27622 is divided by 13807?
8
Calculate the remainder when 120355 is divided by 387.
385
Calculate the remainder when 270265 is divided by 385.
380
What is the remainder when 98075 is divided by 6?
5
Calculate the remainder when 2551 is divided by 92.
67
Calculate the remainder when 4218 is divided by 1372.
102
Calculate the remainder when 455270 is divided by 24.
14
Calculate the remainder when 2784 is divided by 682.
56
Calculate the remainder when 2032 is divided by 122.
80
What is the remainder when 3070 is divided by 765?
10
What is the remainder when 1933 is divided by 20?
13
What is the remainder when 38901 is divided by 261?
12
What is the remainder when 2541 is divided by 218?
143
What is the remainder when 2103 is divided by 130?
23
Calculate the remainder when 1716 is divided by 565.
21
What is the remainder when 2523 is divided by 250?
23
Calculate the remainder when 631 is divided by 168.
127
Calculate the remainder when 291038 is divided by 535.
533
Calculate the remainder when 87953 is divided by 4395.
53
Calculate the remainder when 17696 is divided by 172.
152
What is the remainder when 130504 is divided by 7250?
4
What is the remainder when 10757 is divided by 95?
22
Calculate the remainder when 1099 is divided by 23.
18
Calculate the remainder when 13814 is divided by 4595.
29
Calculate the remainder when 7724 is divided by 3650.
424
What is the remainder when 15214 is divided by 1521?
4
What is the remainder when 12723 is divided by 6353?
17
Calculate the remainder when 9508 is divided by 42.
16
What is the remainder when 21832 is divided by 9711?
2410
Calculate the remainder when 1825 is divided by 294.
61
Calculate the remainder when 229186 is divided by 269.
267
What is the remainder when 203278 is divided by 132?
130
Calculate the remainder when 899 is divided by 167.
64
Calculate the remainder when 74402 is divided by 14877.
17
What is the remainder when 1026 is divided by 82?
42
Calculate the remainder when 18571 is divided by 13.
7
What is the remainder when 26878 is divided by 26857?
21
What is the remainder when 1413 is divided by 661?
91
Calculate the remainder when 27924 is divided by 873.
861
What is the remainder when 18279 is divided by 27?
0
What is the remainder when 36497 is divided by 18239?
19
Calculate the remainder when 1066 is divided by 300.
166
What is the remainder when 2753 is divided by 1373?
7
What is the remainder when 51782 is divided by 312?
302
What is the remainder when 79615 is divided by 90?
55
What is the remainder when 3212080 is divided by 7?
4
What is the remainder when 3164 is divided by 225?
14
Calculate the remainder when 32429 is divided by 16.
13
Calculate the remainder when 6647 is divided by 113.
93
Calculate the remainder when 40075 is divided by 29.
26
What is the remainder when 21498 is divided by 125?
123
What is the remainder when 2303 is divided by 168?
119
Calculate the remainder when 3782 is divided by 55.
42
Calculate the remainder when 43876 is divided by 320.
36
Calculate the remainder when 2305 is divided by 567.
37
What is the remainder when 125549 is divided by 28?
25
Calculate the remainder when 2727 is divided by 84.
39
Calculate the remainder when 13737 is divided by 496.
345
Calculate the remainder when 32897 is divided by 1599.
917
Calculate the remainder when 167742 is divided by 15248.
14
Calculate the remainder when 5362 is divided by 1690.
292
Calculate the remainder when 73229 is divided by 165.
134
What is the remainder when 10000 is divided by 89?
32
What is the remainder when 17882 is divided by 49?
46
Calculate the remainder when 104738 is divided by 1176.
74
What is the remainder when 41789 is divided by 216?
101
Calculate the remainder when 345 is divided by 129.
87
What is the remainder when 663866 is divided by 23?
17
What is the remainder when 1863 is divided by 204?
27
What is the remainder when 1270 is divided by 532?
206
What is the remainder when 557240 is divided by 748?
728
Calculate the remainder